 128 = -5*y, 6 = y + 5*l - 30. Let f be w(y). Calculate the greatest common divisor of 5 and f.
1
Let m be 83864/(-748) - 4/(-34). Let i = m - -182. Calculate the greatest common factor of 35 and i.
35
Suppose -4*q + 52 + 0 = 0. Suppose 192 = q*r + 3*r. Calculate the highest common factor of r and 18.
6
Let k be 38378/26 + (-3)/39. What is the greatest common divisor of k and 108?
36
Let h(a) = a**2 + 20*a + 43. Let x be h(-20). Let c = x + -43. Let k be 10 - -2 - (c + 0 - 2). Calculate the highest common divisor of k and 154.
14
Suppose -7*z - 181 = 218. Let l = z - -246. What is the greatest common factor of l and 27?
27
Suppose -2*w - 44 = -4*s, -5*s = -w - 12 - 16. Let n = w + 26. Suppose 0 = -13*z + 9*z + 48. What is the highest common factor of n and z?
4
Let z be (14/(-5))/((-1)/10). Suppose -z = -2*h + 16. Let t(w) = w**3 + 24*w**2 - 27*w - 48. Let k be t(-25). Calculate the greatest common divisor of h and k.
2
Suppose 855 = 3*w - y, 4*y + 570 = 3*w - w. Suppose w = x + 4*x. Suppose 205*q - 2130 - 1670 = 5*q. Calculate the highest common divisor of q and x.
19
Suppose -2*s = -4*c + 2390, 528*s + 1 = 529*s. What is the highest common factor of c and 46?
46
Suppose t - 1874 = -3*z, 31*t - 34*t = 2*z - 5594. What is the highest common divisor of 38 and t?
38
Suppose 0 = 3*m + 1188 - 2076. What is the greatest common divisor of 5550 and m?
74
Let i(c) = -c - 193. Let m(u) = -u + 96. Let x(z) = -3*i(z) - 5*m(z). Let g be x(-12). What is the highest common factor of 9 and g?
3
Let m be (-13 - 0)*(-15 + 11 + -13 + 15). What is the greatest common factor of m and 3809?
13
Suppose -8*q = -10*q - 3*b + 266, -5*b + 119 = q. Let s = q + -133. What is the greatest common divisor of s and 15?
3
Suppose -h = -3*h + 132. Suppose -j - 25 = 4*r - 0, -5*j + 50 = -5*r. What is the highest common divisor of j and h?
3
Let c = 14 + -22. Let o be (66/c)/(36/(-384)). Calculate the greatest common factor of o and 11.
11
Let j = 54 + -58. Let h be (-905)/(-15) - j/6. Suppose 3*n - h = -0*n + t, 0 = -5*t - 5. Calculate the greatest common divisor of n and 5.
5
Let v(a) = -a**2 - 102*a - 159. Let m be v(-99). What is the greatest common factor of 3082 and m?
46
Suppose 47 = -49*i + 54*i - 2*v, 0 = 5*i - 3*v - 48. Calculate the greatest common factor of i and 2.
1
Let i(b) = 793*b + 15951. Let c be i(-19). Calculate the greatest common factor of 2288 and c.
52
Let f = 272 + -122. Let w = f + -103. Let x be 9/27 + w/3. Calculate the highest common factor of x and 144.
16
Suppose s = -4 + 7. Let a(t) = t**3 - 19*t**2 + 25*t - 41. Let z be a(18). Suppose 0 = s*p + 28 - z. What is the highest common factor of 152 and p?
19
Let h(y) = 3*y**2 + 12*y + 14. Let l be h(-4). Suppose 19*x - l*x - 75 = 0. What is the greatest common divisor of x and 45?
15
Let s be ((-27)/5)/(696/(-411800)). What is the greatest common divisor of 90 and s?
45
Let w(a) = 72*a - 14. Let t be w(2). Let h be t*(1 - 4/8). Suppose 0 = 5*k - 41 - 24. Calculate the greatest common factor of h and k.
13
Let o be (-25)/(200/(-8)) - 35*-1. What is the greatest common divisor of 4572 and o?
36
Let d = 5952 - 5947. Calculate the greatest common divisor of 3985 and d.
5
Let b be (-23727)/(-99) + -2*2/6. Let x = b + -238. What is the highest common factor of 4 and x?
1
Let k = 352 - 554. Let n = 203 + k. Calculate the greatest common factor of 2 and n.
1
Suppose 3*k + 5*k - 128 = 0. Let a be ((-32)/6)/(k/(-72)). Let t = a - -34. What is the greatest common factor of 145 and t?
29
Suppose -2*q - q = -1155. Let r(u) = -178*u**3 - 5*u**2 - u + 1. Let w be r(-1). Suppose z = -4*z + w. Calculate the highest common divisor of q and z.
35
Suppose 5*i + 3*h = 19756, -36*i + 2*h = -38*i + 7900. What is the greatest common divisor of 134 and i?
67
Suppose -5*o + 97 = 144*q - 133*q, 3*o - 2*q = 41. Suppose 2*a = -3*a + 75. What is the highest common divisor of a and o?
15
Let d(t) = 4*t**2 - t + 4. Let q be d(3). Suppose 0 = -4*a + 83 + q. Suppose 4*w = -465 + 625. What is the highest common divisor of w and a?
10
Let t(a) = a + 32. Suppose 56*v - 53*v + 81 = 0. Let p be (-1)/(-2) + v/6. Let n be t(p). Calculate the highest common factor of n and 28.
28
Let i = 739 + -1110. Let j = i - -540. What is the highest common factor of 13 and j?
13
Suppose 0 = -4*u - 399 + 391, -3*f = -u - 1418. Calculate the greatest common divisor of f and 2242.
118
Suppose 0 = -4*d - 2*b + 3776, -4*d + 3*b = -3*d - 958. Let v(r) = r**3 - 19*r**2 - 180*r + 34. Let g be v(26). Calculate the highest common factor of d and g.
86
Let u be (-67641)/(-168) + 9/24. Suppose -3*c + t = -612, -4*c + t - u = -6*c. Calculate the greatest common divisor of c and 14.
7
Let v be (-76)/14*(-469)/134. Let m(a) = a**2 + a - 1. Let z be m(-7). Let h = z - v. Calculate the greatest common factor of h and 242.
22
Let j(y) = -y**2 + 10*y + 6. Let h be j(3). Suppose h*t - 364 + 13 = 0. What is the greatest common factor of t and 13?
13
Let x(i) = 2*i**2 - 3*i + 9 + i**2 - 10*i + 5*i. Let r be x(3). Calculate the greatest common divisor of r and 32.
4
Suppose 0 = -4*x - b + 1936, 18*b = 4*x + 13*b - 1960. Let c = x - 424. Calculate the highest common divisor of 1403 and c.
61
Let o be (-1856)/(-896) - (-2)/(-28). Suppose 0 = 21*n - o*n - 3515. What is the greatest common divisor of 37 and n?
37
Let b(z) = -105*z - 1281. Let f be b(-13). Calculate the greatest common factor of f and 1316.
28
Let a be 3/(17/20 - 5/20). Suppose 5*l - 4*z = 9, -l + a*z + 1 = 4*z. What is the highest common factor of l and 185?
5
Let o = 29 + -28. Suppose 7*y - 36 = -o. Let f(l) = -l**2 - 22*l - 2. Let q be f(-19). Calculate the highest common factor of y and q.
5
Let b(u) = -526*u - 836. Let s be b(-6). What is the greatest common factor of s and 48?
16
Suppose 0 = 16*l - 27 - 37. Suppose -l*x = w - 3*w + 144, -4*w - x = -288. Calculate the highest common divisor of w and 90.
18
Let k = 3711 - -898. Calculate the highest common divisor of 11 and k.
11
Let n be -4 + (85/15)/((-4)/(-24)). Calculate the highest common divisor of n and 690.
30
Let m be 12/(-8*2/24*-2). What is the highest common factor of m and 7650?
9
Let d = -4926 - -4942. Let l(n) = 2*n**2 - 2*n - 4. Let k be ((-1)/(-2))/(1/12). Let q be l(k). What is the highest common divisor of d and q?
8
Let g(s) = 3*s**2 - 3*s - 4. Let q be g(-4). Let h = -1606 + 983. Let i = h + 630. Calculate the highest common divisor of q and i.
7
Suppose 27*w - 39*w = -96. Let m = 22 + w. Suppose m*a - 44 = 26*a. What is the highest common factor of 176 and a?
11
Let j(o) = -1510*o + 70. Let u be j(0). Let z be (2 - (4 - 2)) + 42. Calculate the greatest common divisor of z and u.
14
Suppose -6323 - 15761 - 9116 = -10*d. What is the highest common factor of d and 112?
16
Let i = 4466 + -4226. Calculate the highest common factor of 384 and i.
48
Let q = -14466 - -15579. What is the highest common divisor of 1643 and q?
53
Let w be 1774/4 + (12/6)/4. Let z be w/54 - 6/27. Calculate the highest common factor of 40 and z.
8
Let b be (13 - 115/5)*3/12*-10. What is the highest common factor of b and 7?
1
Let h = 2794 - 1578. What is the greatest common divisor of 448 and h?
64
Suppose 92*k - 3*v = 97*k - 305, -3*k + 167 = 5*v. What is the highest common factor of 2752 and k?
64
Let b = -26 + 144. Suppose i - 4*z + b = 4*i, -3*i + 4*z + 110 = 0. Calculate the highest common divisor of 342 and i.
38
Let r = 2095 + -2032. Let b be 2/(6/63) - 3. What is the greatest common divisor of r and b?
9
Let j be (-2 - -2 - 0) + 30. Let s = 12218 - 12098. What is the highest common divisor of s and j?
30
Let v be (7 - (0 + 1)) + (681660/21)/20. What is the greatest common factor of 2353 and v?
181
Let k(w) = 2*w**2 + 39*w - 15. Let a be k(10). Suppose -3*t = s + t - 115, -5*s - 4*t + a = 0. What is the greatest common factor of s and 10?
5
Let q = 1124 - 998. What is the greatest common divisor of 672 and q?
42
Let f(s) = 7*s - 48. Let u be f(9). Let q = -39 - -43. Suppose 828 = q*k + 288. Calculate the greatest common factor of k and u.
15
Let k be 420/40 + ((-2)/4)/1. Let p be (-4347)/(-15) - ((-2)/k)/1. Suppose -b + p = o, b - 5*b = o - 275. What is the greatest common divisor of o and 59?
59
Let v = 4471 + -1571. Calculate the greatest common factor of 